14) in base 3?
102201122112
What is -ad671 (base 16) in base 8?
-2553161
-201200201002 (base 3) to base 16
-5ea1e
What is -1686696 (base 10) in base 13?
-47095b
Convert -211020312 (base 4) to base 14.
-3d618
What is -110001000001 (base 3) in base 6?
-5024514
Convert d4595a (base 14) to base 7.
114603243
-2323513 (base 6) to base 8
-352405
32223332020 (base 4) to base 13
a4a5a1
What is -2413336 (base 8) in base 16?
-a16de
What is 2e2bca (base 16) in base 6?
144504350
What is -1811a (base 16) in base 10?
-98586
Convert 14a6a97 (base 14) to base 5.
10040133144
What is 211829 (base 10) in base 14?
572a9
-1000100110101100110100 (base 2) to base 12
-909444
100001011100111101100100 (base 2) to base 7
134352464
Convert -4625277 (base 8) to base 10.
-1256127
1892b5 (base 13) to base 14
121d68
Convert 21235232 (base 6) to base 7.
5221253
Convert -1557da (base 14) to base 10.
-745188
What is 87607 (base 10) in base 14?
23cd9
3a64246 (base 11) to base 6
410233435
Convert 128472 (base 9) to base 3.
10222112102
What is 598d3 (base 14) in base 6?
4403413
Convert 32450242 (base 8) to base 16.
6a50a2
What is -1b1275 (base 15) in base 9?
-2431852
-28702 (base 13) to base 2
-10010100001101011
-31333013 (base 4) to base 2
-1101111111000111
What is 87fb54 (base 16) in base 15?
bb0785
Convert 1233e7 (base 15) to base 8.
3246332
-1e41e (base 15) to base 6
-2041232
Convert -100010121210110 (base 3) to base 7.
-56155236
23523245 (base 6) to base 8
2651255
-153476 (base 8) to base 16
-d73e
What is -1401505 (base 6) in base 14?
-206ad
What is 24231214 (base 5) in base 9?
375417
What is -4143432 (base 8) in base 10?
-1099546
-2cd818 (base 14) to base 4
-12000100032
What is 3b625 (base 16) in base 5?
30240422
Convert -100220000101 (base 3) to base 4.
-233201131
-2400141 (base 6) to base 9
-208667
What is 7a0513 (base 12) in base 8?
7340337
Convert 2ddd1 (base 14) to base 7.
656651
What is -89a468 (base 12) in base 6?
-115015012
What is 5030105 (base 7) in base 12?
248752
Convert -13251556 (base 9) to base 2.
-11000111010000101100100
What is 323957 (base 10) in base 14?
860bb
Convert -c4589 (base 15) to base 2.
-10010111111010101110
What is 111702 (base 8) in base 5?
2202301
149017 (base 14) to base 4
2232312231
Convert -85783c (base 14) to base 3.
-22111102002211
4652501 (base 7) to base 12
24221b
Convert 3c201b (base 15) to base 6.
141554425
What is 11110011000010111010010 (base 2) in base 8?
36302722
Convert 10110100100010 (base 2) to base 16.
2d22
What is -12013111132 (base 4) in base 13?
-44178a
10021012022 (base 3) to base 14
19607
What is -539494 (base 10) in base 4?
-2003231212
1521462 (base 12) to base 13
b684ba
Convert -30400244 (base 5) to base 7.
-2045653
What is -100101100010100101 (base 2) in base 12?
-74b99
Convert -28c275 (base 13) to base 9.
-1780736
Convert -1112423 (base 7) to base 14.
-382ba
Convert 1212414 (base 6) to base 13.
23230
What is 1010100100011011111 (base 2) in base 8?
1244337
Convert -218088 (base 10) to base 15.
-44943
Convert -110310013 (base 4) to base 9.
-138847
-710379 (base 10) to base 6
-23120443
-e21d0 (base 16) to base 7
-10605114
-11055545 (base 6) to base 8
-1215031
What is -335307 (base 9) in base 3?
-101012100021
What is -6893c9 (base 13) in base 14?
-486827
Convert 10020121302 (base 4) to base 15.
165d49
Convert 8853771 (base 9) to base 13.
ca84c9
10004350 (base 6) to base 14
74550
Convert -3266a4 (base 15) to base 13.
-660bb3
Convert -110001001001011100110001 (base 2) to base 5.
-11244240021
Convert 1541243 (base 7) to base 10.
211760
What is 361465 (base 8) in base 10?
123701
4774331 (base 9) to base 3
11212111101001
What is -128872 (base 10) in base 6?
-2432344
-141020444 (base 6) to base 10
-2848780
What is 416395 (base 10) in base 16?
65a8b
-212110010121 (base 4) to base 5
-10032344143
What is 10011110100000100011 (base 2) in base 3?
1012222121100
Convert -38008737 (base 9) to base 6.
-1502450524
What is 18417b (base 15) in base 12?
489a08
What is 358a03 (base 11) in base 9?
1055404
What is -23b088 (base 12) in base 7?
-4631000
Convert dfb9b (base 16) to base 3.
1201120000222
What is -21201121002 (base 3) in base 9?
-251532
What is 10202200112011 (base 3) in base 8?
7505117
Convert -96a1 (base 14) to base 4.
-12112131
Convert 1204220 (base 5) to base 16.
57a3
What is 50543412 (base 6) in base 2?
101100000101011000000
Convert -11230533 (base 7) to base 2.
-11101111110100000110
Convert -73499 (base 11) to base 15.
-21ad2
10033201333 (base 4) to base 7
12311353
10322003 (base 5) to base 12
4360b
dd9a9c (base 15) to base 3
201212122101210
Convert -1694331 (base 10) to base 2.
-110011101101001111011
-2210242 (base 10) to base 13
-5c5048
339c5 (base 14) to base 8
364751
2337124 (base 10) to base 11
1356a09
What is -233340 (base 9) in base 12?
-691b3
Convert -1043504 (base 6) to base 12.
-26594
146c2c (base 14) to base 4
2231123020
What is 23011112002 (base 4) in base 12?
b814aa
b062b7 (base 14) to base 7
101300420
What is -3695 (base 12) in base 2?
-1100000010001
Convert -141052 (base 8) to base 11.
-34388
Convert 606442 (base 9) to base 12.
153932
Convert -3121b (base 14) to base 7.
-1002134
What is -115567 (base 8) in base 5?
-2233144
-576424 (base 8) to base 2
-101111110100010100
What is -10001011001110000 (base 2) in base 12?
-35300
Convert -2333044 (base 6) to base 5.
-12334304
Convert 10906057 (base 10) to base 2.
101001100110100111001001
Convert 24121553 (base 6) to base 15.
ee5b3
1405833 (base 10) to base 3
2122102102220
Convert 122222021201101 (base 3) to base 6.
540421401
What is -d3202b (base 14) in base 6?
-412240103
-1200233210 (base 4) to base 7
-3240164
Convert -42b2c (base 14) to base 6.
-3242552
Convert -411411505 (base 6) to base 5.
-3302442412
-58576 (base 13) to base 16
-2762b
Convert -28167cb (base 14) to base 3.
-1100112112121201
Convert 3d721 (base 14) to base 11.
a4494
What is -128623 (base 11) in base 16?
-31404
What is -4109935 (base 10) in base 12?
-1462527
What is 7047 (base 9) in base 4?
1100122
Convert 207262 (base 8) to base 7.
406015
-10011100000002 (base 3) to base 7
-20163563
What is 580629 (base 13) in base 4?
13331101302
110010100001111000110 (base 2) to base 6
55253302
What is 77628c (base 14) in base 3?
21121210110110
Convert -2110114 (base 5) to base 8.
-104332
-313ca2 (base 14) to base 15
-22c95e
4420314 (base 5) to base 11
52395
What is -e1e5 (base 16) in base 13?
-20425
Convert -5713c (base 14) to base 2.
-110011101001010010
20114243 (base 6) to base 12
235983
-509ccb (base 14) to base 15
-389c9c
What is 1324032344 (base 5) in base 6?
155414342
Convert 5425060 (base 7) to base 9.
1218121
Convert 5664789 (base 10) to base 14.
a765db
1233221220 (base 4) to base 2
1101111101001101000
-53aa9 (base 13) to base 7
-1166614
Convert 11010010101100010111 (base 2) to base 12.
357507
What is 55021422 (base 6) in base 16?
18f656
What is -2701b (base 14) in base 8?
-273501
Convert 16ad75 (base 15) to base 3.
2001212210102
Convert -2155613 (base 7) to base 5.
-32004004
What is 2251131 (base 6) in base 2?
11100001110011111
687851 (base 9) to base 4
1210232203
What is -1122a44 (base 11) in base 5?
-1000401224
546814 (base 15) to base 2
1111010101110011000100
Convert -13111023 (base 5) to base 15.
-282c8
Convert -1157828 (base 13) to base 9.
-11065308
Convert -4234214 (base 6) to base 10.
-207010
What is 12192765 (base 10) in base 5?
11110132030
What is -2bbaa9 (base 13) in base 6?
-35112425
1170031 (base 9) to base 8
2333035
What is 7255733 (base 9) in base 4?
32302012200
Convert 2002464 (base 7) to base 13.
836a3
What is 2327199 (base 11) in base 10?
4065103
Convert 9d5122 (base 15) to base 16.
729680
What is -8738131 (base 9) in base 4?
-101321020333
27366152 (base 9) to base 10
13507040
-120222202 (base 4) to base 12
-4a56a
Convert -1210023112 (base 4) to base 8.
-1441326
What is 2088218 (base 9) in base 12?
460b45
-a7437 (base 15) to base 9
-888137
a3741 (base 16) to base 6
22203321
-5b853 (base 12) to base 10
-123903
What is 1211243410 (base 5) in base 4?
22310231223
Convert -4506035 (base 7) to base 9.
-1037602
What is -2a902a (base 14) in base 6?
-51452514
Convert -72105 (base 13) to base 10.
-204495
What is -101869 (base 10) in base 13?
-374a1
Convert -27d979 (base 15) to base 6.
-105044523